1
Suppose -2*b - 152 - 20 = 0. What are the prime factors of 3/(-6) + b/(-4)?
3, 7
Suppose 5*v - 3*w = 6*v - 9, -4*w + 12 = 5*v. Suppose 5*f = f - 4*m + 44, v = -4*f - 2*m + 40. List the prime factors of f.
3
Let l = -51 - -116. What are the prime factors of l?
5, 13
Let t = 91 + -55. What are the prime factors of t?
2, 3
Let n(x) = x**2 - 9*x + 10. List the prime factors of n(9).
2, 5
Let u = 12 + -8. Suppose -40 = -5*g + 5*l, -15 + 5 = 5*l. Suppose -4 = r - 3*x, 4*r - 22 + g = u*x. List the prime factors of r.
2
Let f be 1/(-2)*36/(-1). Suppose -5*d = -k - f, 24 = -k + d + d. List the prime factors of 75/7 + (-8)/k.
11
Let r be (-2)/(-4) + 9/2. Suppose -r*u = -3*s - 7 - 40, s - 3*u = -17. Let q = s - -26. List the prime factors of q.
2, 3
Let t = 67 + -58. What are the prime factors of t?
3
Let c = 29 - 16. What are the prime factors of c?
13
Suppose 4*n - 337 = 55. What are the prime factors of n?
2, 7
Let r = -18 - -4. Let b = 29 + r. What are the prime factors of b?
3, 5
Suppose 4*u = -o - 16, -u + 0*o - 4 = 3*o. Suppose 3*c - 4 - 14 = 0. Let s = u + c. What are the prime factors of s?
2
Suppose -4*r = 4*h - 7*r - 23, -5*r = h. Suppose 3*y - b - 109 = b, -b = h*y - 160. What are the prime factors of y?
3, 11
Let w = -361 + 531. What are the prime factors of w?
2, 5, 17
Let i = -1 + 12. Let h = -5 + i. What are the prime factors of h?
2, 3
Let c(o) = 4*o**3. Let q be c(1). Let t(y) = y**3 - 4*y**2 + 6*y - 2. List the prime factors of t(q).
2, 11
Let k(a) = a**2 + 5*a + 2. Let c be k(-6). Let d be 2*c - (-2)/1. Suppose 0 = 2*g + g - d. List the prime factors of g.
2, 3
Suppose 0*u + 10 = 2*u. Suppose -4*p + 79 = 5*v, u*v + 2*p - 62 = v. Let g = v - 4. What are the prime factors of g?
11
Let m = 32 + -17. What are the prime factors of m?
3, 5
List the prime factors of ((-194)/(-3))/((-2)/(-3)).
97
Let v(c) = 2 + 1 - 3 + 2*c. Let a be v(-7). List the prime factors of 36/(-14)*a/3.
2, 3
Let c be ((-5)/(-4))/(1/(-4)). Let k = 1 - -1. Let j = k - c. What are the prime factors of j?
7
Let d be (-1)/2 - (-1)/2. Let w(j) = j + 9. List the prime factors of w(d).
3
Suppose 3*y + 1 + 3 = -5*g, 3*y - 1 = -4*g. Let s(l) = l**2 - 10. List the prime factors of s(y).
3, 13
Let t be -1 - (78/(-3) + 1). Let w = t - 15. List the prime factors of ((-6)/w)/(2/(-6)).
2
Suppose 3*w - w - 14 = 0. Suppose 5*y - 3*y - 2*u + 4 = 0, 3*y - 4*u + 4 = 0. Let h = y + w. List the prime factors of h.
3
Let b be 2/8 + 22/8. Let x(m) = m**2 - 13*m + 9. Let s be x(13). What are the prime factors of 20 - (s/b + -2)?
19
Suppose 4*o + o + 3*f - 27 = 0, 4*o - 8 = f. Suppose -3*k + 110 = -2*r, 2*k - 77 = -o*r + 8*r. List the prime factors of k.
2, 3
Let h be 2/(-8) - (-9)/(-12). What are the prime factors of (2 + -4)/(h/2)?
2
Let v(i) = i + 4. Let m be v(-6). What are the prime factors of -5 + 28 - (m - -1)?
2, 3
Suppose 3*c = -3 - 0. Let w be (-1)/(-2) - c/2. Let o = 7 + w. List the prime factors of o.
2
Suppose -x = -0*x - 2. Suppose 4*u - 74 = 5*f + 58, -4*f + 40 = x*u. Suppose 2*h = -a + 8, -2*h - 5*a + u = 2*h. List the prime factors of h.
2
Let c(a) be the first derivative of 10*a + 0*a**2 + 1 + 1/3*a**3. What are the prime factors of c(0)?
2, 5
Let f(z) be the third derivative of -7*z**5/60 - z**3/3 - z**2. Let o be f(2). Let d = -20 - o. What are the prime factors of d?
2, 5
What are the prime factors of (-2532)/(-27) + (-4)/(-18)?
2, 47
What are the prime factors of 3/(-12)*0 - -21?
3, 7
Let b be 72 - (-2 + 1)*0. Suppose 4*o - b = 8. What are the prime factors of o?
2, 5
Let r(m) = m**2 + 5. List the prime factors of r(0).
5
Let f = -4 + 2. Let i(t) = -2 - t**2 + 4*t**2 + 0*t**2 + t. List the prime factors of i(f).
2
Let i(p) = 5*p**2 - 2*p + 1. List the prime factors of i(2).
17
Suppose -5*d = 4*g + 1 + 4, 0 = -3*g + 4*d + 35. Suppose -g*b = -4*c - 1 + 51, -3*c = -b - 10. List the prime factors of 1/(-5) + (-122)/b.
2, 3
Suppose 4*m + 26 = 2*b, -b - 22 = 5*m - 7. List the prime factors of b.
5
Let u be -1 - (1/1 - 4). Suppose -u*d = d - 6. List the prime factors of d.
2
Suppose 0 = -3*k - 5*k + 1168. List the prime factors of k.
2, 73
What are the prime factors of 42/(115/35 - 3)?
3, 7
Suppose -3*t + 82 = 5*o, 3*t = 2*o + 132 - 22. Suppose 3*n - 1 = -5*r + t, -21 = -3*r - 4*n. What are the prime factors of r?
7
Let r = -23 - -72. List the prime factors of r.
7
Suppose s + 0*c - 138 = -c, -4*c - 123 = -s. What are the prime factors of (-2)/(6/s*-3)?
3, 5
Let l(a) be the third derivative of a**4/2 - a**2. What are the prime factors of l(1)?
2, 3
Let j(s) = 6*s**2 - 15*s + 12. Let y(u) = 5*u**2 - 14*u + 11. Let x(h) = 4*j(h) - 5*y(h). List the prime factors of x(7).
2, 7
Let h(q) = -250*q**3 + q**2 - 1. List the prime factors of h(-1).
2, 5
What are the prime factors of 1*((-2 - -3) + 56)?
3, 19
Let h = 6 - 16. Let c = -7 - h. What are the prime factors of c?
3
Let n(t) = 11*t**2 - t - 1. Let p be 3/(-1) + (-2 - -8). Suppose 14 = w - p*w - 4*i, -4*i - 12 = 0. What are the prime factors of n(w)?
11
Suppose -354 = -0*c - 2*c. List the prime factors of c.
3, 59
Let b = 24 - -2. Suppose b = -2*l + 3*l. List the prime factors of l.
2, 13
Let i(f) = f + 32. List the prime factors of i(0).
2
Suppose -n + 7 = y - 8, -4*y + 61 = 5*n. Suppose j + s - 5 = 0, y = 4*j - 3*s + 1. List the prime factors of j.
2
List the prime factors of -10 + 6 - (-268 - (2 - 0)).
2, 7, 19
List the prime factors of (-32)/6*((-335)/20 + 1).
2, 3, 7
Let r = 10 + -5. Suppose r*v = 2*v + 6. Let n(f) = f**3 - f + 1. What are the prime factors of n(v)?
7
Let u(v) = v**3 - 13*v**2 - 19*v - 2. List the prime factors of u(15).
163
Let v(g) = -g - 6. Suppose d + 4 = -0*d, -5*d - 2 = -3*q. Let t be v(q). Suppose 2*p - 6 = t, -5*s + 32 = -0*s + 4*p. What are the prime factors of s?
2
Let d = -30 + 34. List the prime factors of d.
2
Let c = 81 + -46. List the prime factors of c.
5, 7
Suppose -3*v + 6 = -4*v. Let n(f) = -2*f + 1. List the prime factors of n(v).
13
What are the prime factors of 645/12 + (-2)/(-8)?
2, 3
Let q(j) = -2*j - 2*j**2 - j - 5 + j**2 - 3*j. Let y be q(-6). List the prime factors of (-4 - y)*26/2.
13
Suppose -49 = 3*y + 23. List the prime factors of y/9*(-9)/2.
2, 3
Suppose -p + 3*p = i + 56, -2*p = -4*i - 44. What are the prime factors of p?
2, 3, 5
Let a = -7 - -9. Suppose -a*p + 22 = -6. What are the prime factors of p?
2, 7
List the prime factors of (-564)/(-48) + 1/4.
2, 3
Suppose 3*b = -4*q + 244, 0 = q + 4*b - 29 - 19. What are the prime factors of q?
2
Let x(u) = -39*u**3 - 2*u**2 - 3*u - 2. Let n be x(-1). Suppose 0 = -3*b - 5 + n. List the prime factors of b.
11
Suppose -5*q + 3*q = 5*c + 21, 5 = -c. Suppose -9 = -q*l - l. Suppose 0 = 3*g + s - 4*s + l, -5*g + s + 15 = 0. List the prime factors of g.
2
Let r(k) = k**2 + 3*k - 1. Let a be r(-4). Let j(p) = -p**2 - 9*p + 3 + 7 + a. What are the prime factors of j(-10)?
3
List the prime factors of 29 + 6/(-4)*2.
2, 13
Suppose 2*h - 105 = -3*h. Suppose 0*r - 20 = -r + 5*g, 3*r - 2*g - h = 0. Suppose -q + 0*q = 2*i, r*i - 4*q = 26. List the prime factors of i.
2
Let r = 452 - 284. Suppose -3*m - u = -110, -4*m + 0*u = -4*u - r. What are the prime factors of m?
2, 19
List the prime factors of (-1)/(-7)*116 - (-90)/210.
17
Suppose f - 108 = -f. Suppose -q = 0, f = 6*a - 4*a - q. What are the prime factors of a?
3
Suppose -96 = -4*l - 0*l. Let t = l + -41. What are the prime factors of t/(-5) + 10/(-25)?
3
Suppose -2*v + 4*w = -76, -5*w + 0 - 79 = -2*v. What are the prime factors of v?
2
Let d be (1*(2 + -40))/(-2). Let o = 5 + d. What are the prime factors of o?
2, 3
Let b(j) = 3*j**2 - 7*j + 5. What are the prime factors of b(4)?
5
List the prime factors of -174*(-1)/(-2)*-1.
3, 29
Suppose -9*o - 2*o + 308 = 0. What are the prime factors of o?
2, 7
Let h(m) = -m**2 + 12*m - 7. What are the prime factors of h(11)?
2
Suppose 0 = 4*f + c - 5*c + 92, 63 = -3*f + c. Let x = 8 + f. What are the prime factors of (x/(-3) + -1)*1?
3
Let p be (4/10)/(1/5). Suppose -2*x - p = -4*x. List the prime factors of -1 + 3*(2 + x).
2
Let k = -17 + 8. List the prime factors of 3/k - (-40)/3.
13
Let c(x) = x**2 + 24. List the prime factors of c(-11).
5, 29
Suppose p + 0*p = 0. Let q(z) = 3 + 4 - z - 1. List the prime factors of q(p).
2, 3
Suppose -294 = -3*p +